er when 86 is divided by l?
42
Let u(z) = 15*z - 16. What is the remainder when 170 is divided by u(3)?
25
Suppose -30*p + 23*p = 0. Suppose 6*g + 35 - 167 = p. What is the remainder when 64 is divided by g?
20
Suppose 0 = -4*h + 4*f + 416, -3*h + 308 = -0*f - f. Suppose 5*l + l = h. Calculate the remainder when 28 is divided by l.
11
Suppose -3*d - 4*q = -20 - 36, 3*d + 5*q = 61. Let v be d/30 - 206/(-10). Suppose 4*y - 3 + v = k, -y - 15 = -k. Calculate the remainder when k is divided by 8.
6
Let y(l) be the first derivative of -l**2/2 + 15*l + 17. Calculate the remainder when (14/(-6))/(1/(-18)) is divided by y(4).
9
Let m(d) = d**2 + 4. Let y be m(8). Suppose -102 = -s - y. Calculate the remainder when s is divided by 3.
1
Suppose g - 24 = -2*g. Let n(k) = k + 6. Let y(j) = 5*j - 7. Let l be y(3). Calculate the remainder when n(l) is divided by g.
6
Suppose 69*r - 73*r + 724 = 4*i, 5*i + 4*r = 905. Calculate the remainder when i is divided by 13.
12
Suppose -78*b + 88*b - 570 = 0. What is the remainder when b is divided by 21?
15
Let k be 455/56 - 1/8. Let h = -2 + k. What is the remainder when 43 is divided by 418/18 + h/(-27)?
20
Let q = -56 - -66. Suppose 2*u + 12 - 32 = -3*s, 10 = 2*s - 2*u. What is the remainder when q is divided by s?
4
Let i(h) = -h + 2. Let d(c) = c**2 + 6*c + 10. What is the remainder when i(-4) is divided by d(-5)?
1
Suppose -c + r + 87 = -r, 5*c = 2*r + 443. Let x = 3844 + -3837. What is the remainder when c is divided by x?
5
Calculate the remainder when 223 is divided by 0 + 54 - (22 + -20 + 4).
31
Let z(n) = -12*n - 468. Calculate the remainder when 24 is divided by z(-40).
0
Let q(i) = i**3 - 7*i**2 + 23*i - 91. Calculate the remainder when (-75)/12*(-11 - 1) is divided by q(6).
9
Let o = 18 + -13. Suppose -4*y + 55 = o*f, 2*f + 2*y - y = 25. What is the remainder when f is divided by (-70)/(-20)*12/7?
3
Let w be 1/2 - (-507)/26. Suppose 0 = -4*z + 22 + 26. What is the remainder when (-2*(2 + w))/(-2) is divided by z?
10
Let j = -400 - -417. Calculate the remainder when 130 is divided by j.
11
Suppose -8*n + 23 = -41. Suppose 2*l - 3*k = 2, 4*l + 4*k + 12 = n*l. Calculate the remainder when 22 is divided by l.
1
Suppose 3*n - 2*t - 255 = 0, -5*n - 8*t + 425 = -9*t. What is the remainder when 115 is divided by n?
30
Suppose -1 = -3*x + 2. Suppose m - 1 = x. Calculate the remainder when m*(-2 - 228/(-8)) is divided by 28.
25
Let r be (7 - 3) + 2 - 2. Suppose -r*k - 4*c + 24 = -0*c, -5*c + 12 = -k. What is the remainder when 7 is divided by k?
1
Suppose -9*q + 1584 = 24*q. What is the remainder when 252 is divided by q?
12
Let s(p) = 53*p**3 + 95*p + 8*p**3 + 2 - 97*p + p**2. Calculate the remainder when s(1) is divided by 9.
8
Let k be 17 - (2 + -1)*-1. Let c be k/(-4)*(-28)/63. Suppose -1 = c*l - 3*y - 88, 30 = l + 3*y. Calculate the remainder when l is divided by 14.
11
Suppose -5*s - 4*p = -94, 0 = 3*s - 2*p - 39 - 35. Calculate the remainder when 59 is divided by s.
15
Let m = -48 + 18. Let z be (-6)/(-45) + (-566)/m. Suppose -z = -16*b + 15*b. Calculate the remainder when 56 is divided by b.
18
Suppose -28*u + 12 = -25*u. Suppose 2*n = -u*r + 5*n + 45, 9 = r - 3*n. Calculate the remainder when 20 is divided by r.
8
Let a = 518 - 486. What is the remainder when a is divided by 19?
13
Let r be (0 - -1)/(1/71). Let h = -46 - -52. Suppose -p + h*p + 5*x = 55, 5*p = -x + r. What is the remainder when 59 is divided by p?
14
Suppose 4*k + 8 = -4*h, 2*k + 3*h = -1 - 1. Let w be 105/(-9) - k/6. Let a = w - -32. Calculate the remainder when 39 is divided by a.
18
Suppose 7*x - 156 = 3*x. Let c = 158 + x. What is the remainder when c is divided by 9?
8
Suppose -10*p + 112 + 288 = 0. What is the remainder when 133 is divided by p?
13
Let b(r) = r**2 - 14*r + 37. Calculate the remainder when b(15) is divided by 20.
12
Let c(k) be the third derivative of k**5/60 + 7*k**4/24 + 3*k**3/2 + k**2. What is the remainder when 25 is divided by c(-7)?
7
Suppose 3*c - 3 - 3 = 0. Suppose -3*d + 14 = -c*b, 3*d = -d - b + 26. Calculate the remainder when 14 is divided by d.
2
Suppose -2*x + 0*x + 86 = 0. What is the remainder when -3 + 6 + (x - 1) is divided by 16?
13
Calculate the remainder when 72/12*318/18 is divided by 38.
30
Suppose -3*k = -x + 383, 0*x - 4*x - k + 1597 = 0. What is the remainder when x is divided by 105?
83
Suppose -5*w + 619 = 184. What is the remainder when w is divided by 25?
12
Let p(z) = -z**3 - 6*z**2 - 15*z - 4. What is the remainder when p(-6) is divided by 11?
9
Let m = 14 - -15. Suppose 2*g - 32 = -3*b + m, -5*b + 109 = -4*g. Let x = -36 - -76. What is the remainder when x is divided by b?
19
Let j = 536 + -520. What is the remainder when 41 is divided by j?
9
Suppose j - 2*j + 27 = 0. Let d = 1009 + -995. Calculate the remainder when j is divided by d.
13
Calculate the remainder when 56 is divided by (198/110)/((-3)/(-35)).
14
Suppose j = 3*a - 3, -2*a = 5*j - 75 + 5. Suppose 0 = 3*t - r - 344, -52*r + 56*r - 28 = 0. Calculate the remainder when t is divided by j.
9
Calculate the remainder when (10/(-15))/(2/(-3213)) is divided by 37.
35
Let b(i) = -9*i - 2. Suppose -13*r - 581 = -1530. What is the remainder when r is divided by b(-3)?
23
Suppose 4*h - 3*v - 653 = 2*v, 3*h - 5*v = 486. Calculate the remainder when h is divided by 34.
31
Let u(i) = i**2 - i + 46. What is the remainder when 217 is divided by u(0)?
33
Let d be ((-572)/(-6))/((-8)/(-12)). Let p = d - 86. Let l = -81 + 96. What is the remainder when p is divided by l?
12
Let q be -1*(0 + (-2 - 31)). Let t = 63 - q. What is the remainder when t is divided by 11?
8
Let l = -19 - -22. Suppose 5*c = 2*f + 227, 0 = -l*c - f + 2*f + 136. Let v = c - 32. Calculate the remainder when 37 is divided by v.
11
Let a = -15 + 29. Suppose 15 = -14*r + 505. Calculate the remainder when r is divided by (36/a)/((-3)/(-14)).
11
Let o = -7 + 11. Suppose -2*d = -d - o. What is the remainder when -6*(1 + (-42)/d) is divided by 15?
12
Let w = -17 + 3. Let z = -19 - w. Let h(r) = r**2 + 2*r + 2. Calculate the remainder when h(z) is divided by 6.
5
Suppose -3*y - 210 = -3*s, 2*s - 3*y = 39 + 106. Let l = s - 42. Calculate the remainder when l is divided by 6.
5
Suppose 88 = 8*q - 184. Let o(t) = 19*t**2 - t + 1. Calculate the remainder when q is divided by o(1).
15
Suppose 247*w - 246*w = 65. Calculate the remainder when w is divided by 9.
2
Let p = 21 - 49. Calculate the remainder when 42 is divided by (4/(-14) - 344/p)/1.
6
Let j be ((-6)/3 - -45)/(2/4). Suppose 5*s = -n - 0*n + j, -3*s - 3*n + 54 = 0. Calculate the remainder when s is divided by 4.
1
Suppose -m + x = -2*m - 4, -32 = 2*m - 4*x. Let p = 7 + m. Let g(n) = 6*n**2. Calculate the remainder when 23 is divided by g(p).
5
Let r = 90 + -94. Calculate the remainder when r/(-14) + 6819/21 is divided by 41.
38
Suppose 7*y - 280 = 2*y. What is the remainder when y is divided by 12?
8
Let o(v) = -v**3 - v**2 - 4. Let p(h) = 4*h**3 + 3*h**2 + h + 15. Let m(a) = 9*o(a) + 2*p(a). What is the remainder when m(-5) is divided by -3 + 20 + 2 + -1?
16
Suppose -55 = -99*t + 94*t. What is the remainder when 328 is divided by t?
9
Let a(q) = 48*q - 57. Let f be (-4)/(-3)*(-9)/(-6). Suppose f*r + 30 = p, 45 = 2*p - r - 0*r. What is the remainder when a(2) is divided by p?
19
Let d(w) = 2*w**2 + 48 - 6*w + 5*w + w. Calculate the remainder when d(0) is divided by 17.
14
Let l be 1610/56*(0 + -4). Let r = -43 - l. Let g = r + -40. What is the remainder when 61 is divided by g?
29
Let o(y) = -2*y + 1. Let b be o(-1). Let p be ((-13)/b)/(4/(-132)). Suppose -3*t - l = -p, 2*t = 2*l + 77 + 29. Calculate the remainder when t is divided by 13.
10
Suppose 0 = -7*t - 11 + 74. Calculate the remainder when t is divided by 2.
1
Let v = -126 - -138. What is the remainder when 57 is divided by v?
9
Suppose -4*c - 11 = 4*p - 27, -4*c = p - 16. Suppose -q + 4*t + 32 = p, -2*t = q - 0*t - 56. Calculate the remainder when q is divided by 25.
23
Let p = -137 - -347. What is the remainder when p is divided by 53?
51
Suppose -4*k + 600 = -2*p, -9*k + 136 = -8*k + 3*p. Let y = -144 + k. Suppose 12 = -6*j + 2*j, 3*x + 3 = -4*j. What is the remainder when y is divided by x?
1
Suppose -12*s = -8*s - 112. Let c = 99 - s. What is the remaind